{"id":166,"date":"2017-10-28T13:08:49","date_gmt":"2017-10-28T11:08:49","guid":{"rendered":"http:\/\/imsis.org\/?page_id=166"},"modified":"2017-12-07T14:57:22","modified_gmt":"2017-12-07T13:57:22","slug":"renseignements","status":"publish","type":"page","link":"https:\/\/imsis.org\/index.php\/renseignements\/","title":{"rendered":"Renseignements"},"content":{"rendered":"<p>Pour tout renseignement contacter:<\/p>\n<p>Le secr\u00e9taire du master IMSIS au Centre de Formation et de Recherche (ex centre de calcul)\u00a0de l\u2019<a href=\"https:\/\/univ-bobo.bf\/spip.php?article124\" target=\"_blank\" rel=\"noopener noreferrer\">Universit\u00e9 Nazi BONI<\/a>:<br \/>\nT\u00e9l: +226 20 97 66 63<br \/>\nMob: +226 70 46 88 98<br \/>\nMail: golo-seydou.barro@univ-amu.fr<\/p>\n<p>Ou:<br \/>\nRemplissez ce formulaire<\/p>\n<div role=\"form\" class=\"wpcf7\" id=\"wpcf7-f267-o1\" lang=\"fr-FR\" dir=\"ltr\">\n<div class=\"screen-reader-response\"><p role=\"status\" aria-live=\"polite\" aria-atomic=\"true\"><\/p> <ul><\/ul><\/div>\n<form action=\"\/index.php\/wp-json\/wp\/v2\/pages\/166#wpcf7-f267-o1\" method=\"post\" class=\"wpcf7-form init\" enctype=\"multipart\/form-data\" novalidate=\"novalidate\" data-status=\"init\">\n<div style=\"display: none;\">\n<input type=\"hidden\" name=\"_wpcf7\" value=\"267\" \/>\n<input type=\"hidden\" name=\"_wpcf7_version\" value=\"5.6.4\" \/>\n<input type=\"hidden\" name=\"_wpcf7_locale\" value=\"fr_FR\" \/>\n<input type=\"hidden\" name=\"_wpcf7_unit_tag\" value=\"wpcf7-f267-o1\" \/>\n<input type=\"hidden\" name=\"_wpcf7_container_post\" value=\"0\" \/>\n<input type=\"hidden\" name=\"_wpcf7_posted_data_hash\" value=\"\" \/>\n<\/div>\n<p><label>Nom:<span class=\"wpcf7-form-control-wrap\" data-name=\"your-name\"><input type=\"text\" name=\"your-name\" value=\"\" size=\"40\" class=\"wpcf7-form-control wpcf7-text wpcf7-validates-as-required\" aria-required=\"true\" aria-invalid=\"false\" \/><\/span> <\/label><br \/>\n<label>Prenom: <span class=\"wpcf7-form-control-wrap\" data-name=\"your-name\"><input type=\"text\" name=\"your-name\" value=\"\" size=\"40\" class=\"wpcf7-form-control wpcf7-text wpcf7-validates-as-required\" aria-required=\"true\" aria-invalid=\"false\" \/><\/span> <\/label><\/p>\n<p><span class=\"wpcf7-form-control-wrap\" data-name=\"sexe\"><span class=\"wpcf7-form-control wpcf7-checkbox\"><span class=\"wpcf7-list-item first\"><input type=\"checkbox\" name=\"sexe[]\" value=\"Homme\" \/><span class=\"wpcf7-list-item-label\">Homme<\/span><\/span><span class=\"wpcf7-list-item last\"><input type=\"checkbox\" name=\"sexe[]\" value=\"Femme\" \/><span class=\"wpcf7-list-item-label\">Femme<\/span><\/span><\/span><\/span><\/p>\n<p><label> E-mail: <span class=\"wpcf7-form-control-wrap\" data-name=\"your-email\"><input type=\"email\" name=\"your-email\" value=\"\" size=\"40\" class=\"wpcf7-form-control wpcf7-text wpcf7-email wpcf7-validates-as-required wpcf7-validates-as-email\" aria-required=\"true\" aria-invalid=\"false\" \/><\/span> <\/label><\/p>\n<p><label> Objet: <span class=\"wpcf7-form-control-wrap\" data-name=\"your-subject\"><input type=\"text\" name=\"your-subject\" value=\"\" size=\"40\" class=\"wpcf7-form-control wpcf7-text\" aria-invalid=\"false\" \/><\/span> <\/label><\/p>\n<p><label>message: <span class=\"wpcf7-form-control-wrap\" data-name=\"your-message\"><textarea name=\"your-message\" cols=\"40\" rows=\"10\" class=\"wpcf7-form-control wpcf7-textarea\" aria-invalid=\"false\"><\/textarea><\/span> <\/label><br \/>\n<span class=\"wpcf7-form-control-wrap\" data-name=\"Tlchargerleformulairedecandiature\"><input type=\"file\" name=\"Tlchargerleformulairedecandiature\" size=\"40\" class=\"wpcf7-form-control wpcf7-file\" accept=\".pdf\" aria-invalid=\"false\" \/><\/span><\/p>\n<p><input type=\"submit\" value=\"Envoyer\" class=\"wpcf7-form-control has-spinner wpcf7-submit\" \/><\/p>\n<div class=\"wpcf7-response-output\" aria-hidden=\"true\"><\/div><\/form><\/div>\n","protected":false},"excerpt":{"rendered":"<p>Pour tout renseignement contacter: Le secr\u00e9taire du master IMSIS au Centre de Formation et de Recherche (ex centre de calcul)\u00a0de l\u2019Universit\u00e9 Nazi BONI: T\u00e9l: +226 20 97 66 63 Mob: +226 70 46 88 98 Mail: golo-seydou.barro@univ-amu.fr Ou: Remplissez ce formulaire<\/p>\n","protected":false},"author":1,"featured_media":0,"parent":0,"menu_order":0,"comment_status":"closed","ping_status":"closed","template":"","meta":{"jetpack_post_was_ever_published":false},"yoast_head":"<!-- This site is optimized with the Yoast SEO plugin v19.6 - https:\/\/yoast.com\/wordpress\/plugins\/seo\/ -->\n<title>Renseignements sur le master d&#039;Informatique M\u00e9dicale<\/title>\n<meta name=\"description\" content=\"Pour tout renseignement contacter: le secr\u00e9taire du master IMSIS ... Mob: +226 70 46 88 98 Mail: golo-seydou.barro@univ-amus.fr ou le secr\u00e9taire de l&#039;INSSA\" \/>\n<meta name=\"robots\" content=\"index, follow, max-snippet:-1, max-image-preview:large, max-video-preview:-1\" \/>\n<link rel=\"canonical\" href=\"http:\/\/imsis.org\/index.php\/renseignements\/\" \/>\n<meta property=\"og:locale\" content=\"fr_FR\" \/>\n<meta property=\"og:type\" content=\"article\" \/>\n<meta property=\"og:title\" content=\"Renseignements sur le master d&#039;Informatique M\u00e9dicale\" \/>\n<meta property=\"og:description\" content=\"Pour tout renseignement contacter: le secr\u00e9taire du master IMSIS ... Mob: +226 70 46 88 98 Mail: golo-seydou.barro@univ-amus.fr ou le secr\u00e9taire de l&#039;INSSA\" \/>\n<meta property=\"og:url\" content=\"http:\/\/imsis.org\/index.php\/renseignements\/\" \/>\n<meta property=\"article:publisher\" content=\"https:\/\/www.facebook.com\/MasterImsis\" \/>\n<meta property=\"article:modified_time\" content=\"2017-12-07T13:57:22+00:00\" \/>\n<meta name=\"twitter:card\" content=\"summary\" \/>\n<script type=\"application\/ld+json\" class=\"yoast-schema-graph\">{\"@context\":\"https:\/\/schema.org\",\"@graph\":[{\"@type\":\"WebPage\",\"@id\":\"http:\/\/imsis.org\/index.php\/renseignements\/\",\"url\":\"http:\/\/imsis.org\/index.php\/renseignements\/\",\"name\":\"Renseignements sur le master d'Informatique M\u00e9dicale\",\"isPartOf\":{\"@id\":\"https:\/\/imsis.org\/#website\"},\"datePublished\":\"2017-10-28T11:08:49+00:00\",\"dateModified\":\"2017-12-07T13:57:22+00:00\",\"description\":\"Pour tout renseignement contacter: le secr\u00e9taire du master IMSIS ... Mob: +226 70 46 88 98 Mail: golo-seydou.barro@univ-amus.fr ou le secr\u00e9taire de l'INSSA\",\"breadcrumb\":{\"@id\":\"http:\/\/imsis.org\/index.php\/renseignements\/#breadcrumb\"},\"inLanguage\":\"fr-FR\",\"potentialAction\":[{\"@type\":\"ReadAction\",\"target\":[\"http:\/\/imsis.org\/index.php\/renseignements\/\"]}]},{\"@type\":\"BreadcrumbList\",\"@id\":\"http:\/\/imsis.org\/index.php\/renseignements\/#breadcrumb\",\"itemListElement\":[{\"@type\":\"ListItem\",\"position\":1,\"name\":\"Accueil\",\"item\":\"http:\/\/imsis.org\/\"},{\"@type\":\"ListItem\",\"position\":2,\"name\":\"Renseignements\"}]},{\"@type\":\"WebSite\",\"@id\":\"https:\/\/imsis.org\/#website\",\"url\":\"https:\/\/imsis.org\/\",\"name\":\"\",\"description\":\"\",\"potentialAction\":[{\"@type\":\"SearchAction\",\"target\":{\"@type\":\"EntryPoint\",\"urlTemplate\":\"https:\/\/imsis.org\/?s={search_term_string}\"},\"query-input\":\"required name=search_term_string\"}],\"inLanguage\":\"fr-FR\"}]}<\/script>\n<!-- \/ Yoast SEO plugin. -->","yoast_head_json":{"title":"Renseignements sur le master d'Informatique M\u00e9dicale","description":"Pour tout renseignement contacter: le secr\u00e9taire du master IMSIS ... Mob: +226 70 46 88 98 Mail: golo-seydou.barro@univ-amus.fr ou le secr\u00e9taire de l'INSSA","robots":{"index":"index","follow":"follow","max-snippet":"max-snippet:-1","max-image-preview":"max-image-preview:large","max-video-preview":"max-video-preview:-1"},"canonical":"http:\/\/imsis.org\/index.php\/renseignements\/","og_locale":"fr_FR","og_type":"article","og_title":"Renseignements sur le master d'Informatique M\u00e9dicale","og_description":"Pour tout renseignement contacter: le secr\u00e9taire du master IMSIS ... Mob: +226 70 46 88 98 Mail: golo-seydou.barro@univ-amus.fr ou le secr\u00e9taire de l'INSSA","og_url":"http:\/\/imsis.org\/index.php\/renseignements\/","article_publisher":"https:\/\/www.facebook.com\/MasterImsis","article_modified_time":"2017-12-07T13:57:22+00:00","twitter_card":"summary","schema":{"@context":"https:\/\/schema.org","@graph":[{"@type":"WebPage","@id":"http:\/\/imsis.org\/index.php\/renseignements\/","url":"http:\/\/imsis.org\/index.php\/renseignements\/","name":"Renseignements sur le master d'Informatique M\u00e9dicale","isPartOf":{"@id":"https:\/\/imsis.org\/#website"},"datePublished":"2017-10-28T11:08:49+00:00","dateModified":"2017-12-07T13:57:22+00:00","description":"Pour tout renseignement contacter: le secr\u00e9taire du master IMSIS ... Mob: +226 70 46 88 98 Mail: golo-seydou.barro@univ-amus.fr ou le secr\u00e9taire de l'INSSA","breadcrumb":{"@id":"http:\/\/imsis.org\/index.php\/renseignements\/#breadcrumb"},"inLanguage":"fr-FR","potentialAction":[{"@type":"ReadAction","target":["http:\/\/imsis.org\/index.php\/renseignements\/"]}]},{"@type":"BreadcrumbList","@id":"http:\/\/imsis.org\/index.php\/renseignements\/#breadcrumb","itemListElement":[{"@type":"ListItem","position":1,"name":"Accueil","item":"http:\/\/imsis.org\/"},{"@type":"ListItem","position":2,"name":"Renseignements"}]},{"@type":"WebSite","@id":"https:\/\/imsis.org\/#website","url":"https:\/\/imsis.org\/","name":"","description":"","potentialAction":[{"@type":"SearchAction","target":{"@type":"EntryPoint","urlTemplate":"https:\/\/imsis.org\/?s={search_term_string}"},"query-input":"required name=search_term_string"}],"inLanguage":"fr-FR"}]}},"jetpack_sharing_enabled":true,"jetpack_shortlink":"https:\/\/wp.me\/P8EeRG-2G","jetpack_likes_enabled":true,"_links":{"self":[{"href":"https:\/\/imsis.org\/index.php\/wp-json\/wp\/v2\/pages\/166"}],"collection":[{"href":"https:\/\/imsis.org\/index.php\/wp-json\/wp\/v2\/pages"}],"about":[{"href":"https:\/\/imsis.org\/index.php\/wp-json\/wp\/v2\/types\/page"}],"author":[{"embeddable":true,"href":"https:\/\/imsis.org\/index.php\/wp-json\/wp\/v2\/users\/1"}],"replies":[{"embeddable":true,"href":"https:\/\/imsis.org\/index.php\/wp-json\/wp\/v2\/comments?post=166"}],"version-history":[{"count":10,"href":"https:\/\/imsis.org\/index.php\/wp-json\/wp\/v2\/pages\/166\/revisions"}],"predecessor-version":[{"id":271,"href":"https:\/\/imsis.org\/index.php\/wp-json\/wp\/v2\/pages\/166\/revisions\/271"}],"wp:attachment":[{"href":"https:\/\/imsis.org\/index.php\/wp-json\/wp\/v2\/media?parent=166"}],"curies":[{"name":"wp","href":"https:\/\/api.w.org\/{rel}","templated":true}]}}